f v and m.
16
Let h be 105/(-18) + (-2)/12. Let a be h + (-4 - (1 - 1)). Let r be 232/9 - a/45. What is the greatest common factor of 104 and r?
26
Let s = 10 + 10. Calculate the greatest common factor of s and 340.
20
Suppose i + 9*i - 310 = 0. Suppose 0 = 2*a - 4, 15 = 4*h + a - i. Let x = 122 - 45. Calculate the greatest common factor of x and h.
11
Let j be (21/(-4))/(12/(-288)*9). What is the highest common factor of j and 2366?
14
Suppose 3 = 4*j - 17. Suppose b - 31 = -d + 2*b, j*d - b = 175. What is the greatest common factor of d and 4?
4
Suppose 0 = -4*j - 96 + 780. Let x = -900 - -919. What is the highest common factor of x and j?
19
Let v(o) = -o - 2. Let k be v(-1). Let r = -25 + 23. Let u be k*(r - 1)*3. What is the greatest common factor of u and 9?
9
Let w(s) = -2*s + 7. Let g be 1/((2/6)/1). Let u be w(g). Suppose -m = -2*k - u, 0*m - 3*m - 2*k + 43 = 0. Calculate the highest common factor of 1 and m.
1
Let n be (3 + 33/(-12))*(4 - -8). Suppose 0 = 3*y - 15, 0*m - 4*m + n*y = -41. Suppose 7 = -5*b + 17. Calculate the highest common factor of m and b.
2
Let b = -159 - -245. Let m be (-12)/(-48) - b/(-8). Let g = 5 + 6. Calculate the greatest common divisor of g and m.
11
Let p be (27/18*-3)/((-3)/174). Calculate the highest common divisor of p and 696.
87
Let f = 164 + -101. Let b be 2 - -1*(-38)/(-2). Calculate the greatest common factor of f and b.
21
Let s be (-1)/6*4*6. Let y be 16/(-2 + 1 + 0). Let l = s - y. What is the highest common factor of 6 and l?
6
Let o(k) = 22*k**2 - k. Let w be o(1). Let u be (-1 - 7)*21/(-56). Calculate the greatest common factor of u and w.
3
Let q(n) = -n**3 + 3*n**2 - 2. Let j(i) = 2*i - 1. Let z be j(2). Let m be q(z). Let s be ((-84)/(-16))/(m/(-8)). What is the highest common divisor of 3 and s?
3
Let g(y) = y + 21. Let r be g(24). Let d be 12/(-9)*45/(-2). What is the highest common factor of r and d?
15
Let o = 191 + -115. What is the highest common divisor of 114 and o?
38
Suppose -5*n + 195 = 2*p, p + 5*n - 105 = -0. What is the greatest common divisor of p and 918?
18
Let j(i) = 12 - i**2 - 2*i + 3*i + i**3 - 4. Let g be j(0). What is the greatest common factor of 56 and g?
8
Let v(q) = -q**2 + 7*q + 3. Let p be v(7). Let z(g) = -4*g**2 + 0 - g**p + 1 - 4 + 4 - 5*g. Let n be z(-4). Calculate the greatest common factor of 168 and n.
21
Let s be 18/(-72) - (-1994)/8. Suppose 13*n - 665 = -s. What is the highest common factor of n and 352?
32
Let m(p) = 5*p**2 + 3*p - 13. Let o be m(2). Let v be 259/4 + (-1)/(-4). What is the highest common divisor of o and v?
13
Let i be 106/5 - 4/20. Let t be (-8)/(-14)*i/3. Suppose -3*u = -4*b - 80, -t*u + 5*u = -5*b + 14. Calculate the greatest common divisor of 8 and u.
8
Let y = -49 - -51. Suppose -y*d + 127 = -63. What is the highest common divisor of 38 and d?
19
Suppose -5*a = -a + 544. Let r = a + 307. Calculate the greatest common factor of 19 and r.
19
Let s be (-2 + 3)*(11 + 110). Calculate the greatest common factor of s and 22.
11
Suppose -3*u + 3*l + 12 = -0*l, 2*u + 3*l = 18. Suppose -84 = u*v - 8*v. Let z(x) = 3*x**2 + x. Let n be z(2). What is the greatest common divisor of n and v?
14
Suppose 8*l = 3*l + 120. Let z be 1/3 - (-2148)/36. What is the greatest common divisor of l and z?
12
Suppose 4 - 10 = -z. Let l(k) = -k**3 + 5*k**2 + 6*k - 4. Let d be l(z). Let c be (-3)/(-3) + 21 + d. Calculate the greatest common factor of 12 and c.
6
Let j(z) = z + 384. Let d be j(-65). Suppose 3*l - 2*b = 22 + 61, 5*b - 39 = -l. Calculate the greatest common divisor of l and d.
29
Suppose -4*v + 0*v - 3*y + 49 = 0, 1 = -y. Let c = v - 8. Suppose -3*s + c*k + 211 = -s, -431 = -4*s + k. What is the highest common divisor of 12 and s?
12
Suppose -2*z = 4, -3*u + 8 = z - 5. Suppose -u*j + 13 = -57. Suppose -3*h + 63 = -0*h. What is the highest common factor of h and j?
7
Let g be (-8 - (-420)/54) + (-650)/(-9). What is the greatest common divisor of g and 684?
36
Let a be 18/15 + 411*(-20)/(-150). Suppose -4*o + w - 6 + 64 = 0, 4*o = -4*w + 48. Calculate the greatest common divisor of a and o.
14
Suppose 3 = -3*t, -4*s = -0*t + 5*t - 203. Calculate the greatest common factor of 4 and s.
4
Let v be (2/3)/((-1)/3). Let z(p) be the first derivative of -9*p**4/2 - p**3 - 9. Let k be z(v). Calculate the greatest common factor of k and 12.
12
Let s(a) = a**2 + 6*a - 1. Let p be (-1 + 5)*(-6)/(-24). Let z be p*(-4)/((-4)/(-7)). Let i be s(z). What is the greatest common divisor of i and 9?
3
Let c be (-2)/(-4)*-2 + 8. Suppose 0*w - 9 = 3*w + 5*j, -j - c = -2*w. Suppose -w*v - 3*v + 55 = 0. What is the greatest common divisor of v and 99?
11
Suppose 7*i = 6*i + 14. Suppose 0 = 5*p + 5*r - 80, -r - 18 = -2*p + 8. What is the greatest common divisor of i and p?
14
Let f = -32 - -604. What is the greatest common factor of f and 52?
52
Let m(t) = t + 10. Let k be m(-10). Suppose k = -3*z + z. Suppose z = o - 5*j - 110, o = j + 80 + 22. What is the greatest common factor of o and 25?
25
Let t(q) = 13*q**2 - 4*q + 4. Let a be t(1). What is the greatest common divisor of 65 and a?
13
Let u = 9 + -2. Suppose 2*s + 4*w = 3*w + 4, -2*w = 2*s - 6. Calculate the highest common factor of s and u.
1
Suppose 60 = -2*d + 6*d. Let v(i) = -i**3 - 30*i**2 - 39*i - 185. Let h be v(-29). What is the greatest common divisor of h and d?
15
Suppose -2*c - 27 = -171. Let y be (-35)/(-2) - 6/(-12). What is the highest common factor of y and c?
18
Let w(p) = -3*p - 5. Let i be w(-6). Suppose 4*k = 3*m + 221, 97 = 4*k - m - 118. Let r = k - i. What is the highest common divisor of r and 8?
8
Let k(j) = 41*j - 6. Let b(t) = -t. Let q(v) = 6*b(v) + k(v). Let l be q(3). What is the greatest common divisor of 11 and l?
11
Let t(r) = -r**3 - 11*r**2 - 9*r - 6. Let s be t(-10). Let o be 2/(-8) + (-1588)/s. What is the highest common factor of o and 11?
11
Let j be 8/(-36) + 760/18. Let y = 62 - j. What is the greatest common factor of 30 and y?
10
Suppose -47*f - 3510 = -65*f. What is the highest common factor of f and 39?
39
Let i = 338 - 314. Calculate the highest common factor of i and 192.
24
Let f be 503/3 + (-1)/(-3). Suppose 9*t = 7*t + f. Let z(q) = -q**2 - 7*q + 6. Let k be z(-6). What is the highest common factor of k and t?
12
Let y = 3712 + -3264. Calculate the highest common factor of y and 28.
28
Suppose y - 8 + 14 = 0. Let h = y - -8. Let n be 0 - h - (-10 + 6). What is the highest common factor of n and 14?
2
Let k = 34 - -22. Suppose 2*p = 4*r - 74, 77*r + 2*p - 22 = 75*r. What is the highest common factor of r and k?
8
Suppose y - 2*o = o + 1120, 2*y - 5*o = 2240. Calculate the highest common divisor of 35 and y.
35
Suppose 13*o = 6*o + 2261. Let l be 38/o + (-627)/(-17). Let u = -19 + 167. Calculate the greatest common divisor of u and l.
37
Suppose -8*x + 13*x - 120 = 5*w, -3*x + w + 72 = 0. Let b be x/(-4)*(16/6)/(-4). What is the highest common factor of b and 68?
4
Suppose -4*p + 15 = 5*q - 45, -3*p + 45 = q. Let i be ((-72)/20)/(p/(-100)). What is the highest common divisor of 36 and i?
12
Let c = 1233 + -1217. Calculate the greatest common factor of 1088 and c.
16
Let b be 2 + -1 + (2 - 2). Let m be ((-12)/9)/(b/(-6)). Suppose 2*p + 2*t - 2 = -0, 2*p - 2*t = 14. Calculate the greatest common divisor of p and m.
4
Let r(g) = 6*g - 148. Let o be r(25). Calculate the highest common divisor of o and 74.
2
Suppose 3*l + 4*w = 218, -7*l - 2*w = -6*l - 72. What is the greatest common factor of 4 and l?
2
Let d(c) = 2*c + 99. Let j be d(-12). What is the greatest common factor of j and 200?
25
Let f(a) = 2*a**2 - 61*a + 29. Let c be f(31). Suppose -2*t = -4*t + 10. Let l(g) = g + 7. Let y be l(t). Calculate the greatest common divisor of y and c.
12
Let i(a) = -a**2 + 6*a - 6. Let y be i(4). Suppose 5*r + 2*m = 62, -3*r = r + y*m - 50. Calculate the highest common divisor of 84 and r.
12
Suppose 473 = 32*a + 11*a. Let f = -152 + 273. What is the highest common divisor of a and f?
11
Let f(h) = h**3 - 20*h**2 + 57*h + 14. Let o be f(17). What is the greatest common divisor of 203 and o?
29
Let z(c) = -c + 115. Let g be z(53). Calculate the highest common divisor of g and 1054.
62
Let x be 5 + ((-12)/(-3) - 4). Suppose -5*s + 3*j = -1, -4*s + 2 = 3*j - 15. Suppose 0 = -s*